{"id":19,"date":"2020-07-03T15:35:28","date_gmt":"2020-07-03T15:35:28","guid":{"rendered":"http:\/\/lachaumiere.local\/?page_id=19"},"modified":"2024-02-17T13:14:17","modified_gmt":"2024-02-17T12:14:17","slug":"activites-et-visites","status":"publish","type":"page","link":"https:\/\/campinglachaumiere.com\/index.php\/activites-et-visites\/","title":{"rendered":"Activit\u00e9s et visites"},"content":{"rendered":"<h1>Activit\u00e9s au Camping La Chaumi\u00e8re<\/h1>\n<p>Cliquez sur les icones ou les titres pour voir les photos, ou rendez-vous dans la galerie photo.<\/p>\n<p>\t\t\t\t<a href=\"https:\/\/campinglachaumiere.com\/wp-content\/uploads\/2020\/08\/1-1-scaled.jpg\" target=\"_blank\" rel=\"noopener noreferrer\"><br \/>\n\t\t\t\t\t\t\t\t<\/a><\/p>\n<h2>\n\t\t\t\t\t<a href=\"https:\/\/campinglachaumiere.com\/wp-content\/uploads\/2020\/08\/1-1-scaled.jpg\" target=\"_blank\" rel=\"noopener noreferrer\">La Piscine<\/a><br \/>\n\t\t\t\t<\/h2>\n<p>Piscine creus\u00e9e, d\u00e9couverte et chauff\u00e9e. Id\u00e9ale pour les grandes temp\u00e9ratures d&rsquo;\u00e9t\u00e9.<\/p>\n<p>\t\t\t\t<a href=\"https:\/\/campinglachaumiere.com\/wp-content\/uploads\/2020\/08\/20200720_140139-scaled.jpg\"><br \/>\n\t\t\t\t\t\t\t\t<\/a><\/p>\n<h2>\n\t\t\t\t\t<a href=\"https:\/\/campinglachaumiere.com\/wp-content\/uploads\/2020\/08\/20200720_140139-scaled.jpg\">Jeux<\/a><br \/>\n\t\t\t\t<\/h2>\n<p>Un trampoline, un baby-foot et autres jeux, dont des jeux en bois flamands amuseront petits et grands.<\/p>\n<p>\t\t\t\t<a href=\"https:\/\/campinglachaumiere.com\/wp-content\/uploads\/2020\/08\/Salle-de-reception-1.jpg\"><br \/>\n\t\t\t\t\t\t\t\t<\/a><\/p>\n<h2>\n\t\t\t\t\t<a href=\"https:\/\/campinglachaumiere.com\/wp-content\/uploads\/2020\/08\/Salle-de-reception-1.jpg\">LE restaurant DU CAMPING<\/a><br \/>\n\t\t\t\t<\/h2>\n<p>Pour se d\u00e9salt\u00e9rer ou se restaurer en terrasse ou en salle, profitez en r\u00e9servant \u00e0 l&rsquo;avance, du restaurant du Camping La Chaumi\u00e8re.<\/p>\n<p>\t\t\t\t<a href=\"https:\/\/campinglachaumiere.com\/wp-content\/uploads\/2020\/08\/1-2-scaled.jpg\"><br \/>\n\t\t\t\t\t\t\t\t<\/a><\/p>\n<h2>\n\t\t\t\t\t<a href=\"https:\/\/campinglachaumiere.com\/wp-content\/uploads\/2020\/08\/1-2-scaled.jpg\">Etang de p\u00eache<\/a><br \/>\n\t\t\t\t<\/h2>\n<p>Etang de p\u00eache de carpes. La moyenne des poissons p\u00each\u00e9s p\u00e8se entre 2 et 4 Kg.\u200b<\/p>\n<p>\t\t\t\t<a href=\"https:\/\/campinglachaumiere.com\/wp-content\/uploads\/2020\/08\/2-2-scaled.jpg\"><br \/>\n\t\t\t\t\t\t\t\t<\/a><\/p>\n<h2>\n\t\t\t\t\t<a href=\"https:\/\/campinglachaumiere.com\/wp-content\/uploads\/2020\/08\/2-2-scaled.jpg\">Crazy-golf<\/a><br \/>\n\t\t\t\t<\/h2>\n<p>Parcours de crazy-golf en 11 trous. Amusement garanti !<\/p>\n<p>\t\t\t\t<a href=\"https:\/\/campinglachaumiere.com\/wp-content\/uploads\/2020\/08\/20200720_140344-scaled.jpg\"><br \/>\n\t\t\t\t<svg xmlns=\"http:\/\/www.w3.org\/2000\/svg\" xmlns:xlink=\"http:\/\/www.w3.org\/1999\/xlink\" id=\"Capa_1\" x=\"0px\" y=\"0px\" viewBox=\"0 0 263.018 263.018\" style=\"enable-background:new 0 0 263.018 263.018;\" xml:space=\"preserve\">\n<g>\n\t<path d=\"M218.518,81.634c-0.578,0-1.15,0.022-1.723,0.044c-2.623-35.465-32.296-63.524-68.419-63.524h-33.733   c-36.123,0-65.796,28.06-68.419,63.524c-0.572-0.022-1.145-0.044-1.723-0.044c-24.538,0-44.5,19.962-44.5,44.5v74.229   c0,24.538,19.962,44.5,44.5,44.5h174.018c24.538,0,44.5-19.962,44.5-44.5v-74.229C263.018,101.597,243.055,81.634,218.518,81.634z    M175.013,116.789c-1.719-8.011-5.602-15.225-11.003-21.005h22.007C180.615,101.564,176.733,108.777,175.013,116.789z    M131.509,152.634c-14.612,0-26.5-11.888-26.5-26.5s11.888-26.5,26.5-26.5s26.5,11.888,26.5,26.5S146.121,152.634,131.509,152.634z    M88.004,116.789c-1.719-8.011-5.602-15.225-11.003-21.005h22.007C93.606,101.564,89.724,108.777,88.004,116.789z M88.004,135.48   c2.479,11.55,9.45,21.446,18.992,27.769c-9.542,6.323-16.513,16.219-18.992,27.769c-2.479-11.55-9.45-21.446-18.992-27.769   C78.554,156.926,85.526,147.03,88.004,135.48z M88.004,209.709c1.356,6.316,4.05,12.14,7.779,17.154H80.225   C83.954,221.85,86.649,216.026,88.004,209.709z M105.009,200.364c0-14.612,11.888-26.5,26.5-26.5s26.5,11.888,26.5,26.5   s-11.888,26.5-26.5,26.5S105.009,214.976,105.009,200.364z M175.013,209.709c1.356,6.316,4.05,12.14,7.779,17.154h-15.559   C170.963,221.85,173.658,216.026,175.013,209.709z M175.013,191.018c-2.479-11.55-9.45-21.446-18.992-27.769   c9.542-6.323,16.513-16.219,18.992-27.769c2.479,11.55,9.45,21.446,18.992,27.769C184.463,169.572,177.492,179.469,175.013,191.018   z M245.018,126.134c0,14.612-11.888,26.5-26.5,26.5s-26.5-11.888-26.5-26.5s11.888-26.5,26.5-26.5S245.018,111.522,245.018,126.134   z M114.642,36.154h33.733c24.847,0,45.57,17.99,49.828,41.629H64.814C69.072,54.144,89.795,36.154,114.642,36.154z M44.5,99.634   c14.612,0,26.5,11.888,26.5,26.5s-11.888,26.5-26.5,26.5S18,140.747,18,126.134S29.888,99.634,44.5,99.634z M18,200.364   c0-14.612,11.888-26.5,26.5-26.5s26.5,11.888,26.5,26.5s-11.888,26.5-26.5,26.5S18,214.976,18,200.364z M218.518,226.864   c-14.612,0-26.5-11.888-26.5-26.5s11.888-26.5,26.5-26.5s26.5,11.888,26.5,26.5S233.13,226.864,218.518,226.864z\"><\/path>\n\t<path d=\"M164.259,52.154h-2.981c-0.91-4.007-4.487-7-8.769-7s-7.859,2.993-8.769,7h-3.461c-0.91-4.007-4.487-7-8.769-7   s-7.859,2.993-8.769,7h-3.461c-0.91-4.007-4.487-7-8.769-7s-7.859,2.993-8.769,7h-2.981c-4.971,0-9,4.029-9,9s4.029,9,9,9h65.5   c4.971,0,9-4.029,9-9S169.229,52.154,164.259,52.154z\"><\/path>\n<\/g>\n<g>\n<\/g>\n<g>\n<\/g>\n<g>\n<\/g>\n<g>\n<\/g>\n<g>\n<\/g>\n<g>\n<\/g>\n<g>\n<\/g>\n<g>\n<\/g>\n<g>\n<\/g>\n<g>\n<\/g>\n<g>\n<\/g>\n<g>\n<\/g>\n<g>\n<\/g>\n<g>\n<\/g>\n<g>\n<\/g>\n<\/svg>\t\t\t\t<\/a><\/p>\n<h2>\n\t\t\t\t\t<a href=\"https:\/\/campinglachaumiere.com\/wp-content\/uploads\/2020\/08\/20200720_140344-scaled.jpg\">P\u00e9tanque<\/a><br \/>\n\t\t\t\t<\/h2>\n<p>Boulodrome pour faire des parties de p\u00e9tanque endiabl\u00e9es entre amis.\u200b<\/p>\n<h2>Activit\u00e9s hors du camping<\/h2>\n<p>Autour du Camping La Chaumi\u00e8re vous pourrez profiter de nombreux chemins de randonn\u00e9e pittoresques \u00e0 faire \u00e0 pied ou en v\u00e9lo.<\/p>\n<p>\t\t\t\t<a href=\"https:\/\/campinglachaumiere.com\/wp-content\/uploads\/2020\/08\/carte-ballade-velo.jpg\"><br \/>\n\t\t\t\t\t\t\t\t<\/a><\/p>\n<h3>\n\t\t\t\t\t<a href=\"https:\/\/campinglachaumiere.com\/wp-content\/uploads\/2020\/08\/carte-ballade-velo.jpg\">Accueil v\u00e9lo<\/a><br \/>\n\t\t\t\t<\/h3>\n<p>Profitez des avantages de l&rsquo;accueil v\u00e9lo pour vos balades en 2 roues.<br \/>\nD\u00e9couvrez le r\u00e9seau point n\u0153ud qui relie Buysscheure \u00e0 la Belgique, Armenti\u00e8res et Laventie.<\/p>\n<p>\t\t\t<a href=\"https:\/\/campinglachaumiere.com\/wp-content\/uploads\/2020\/08\/carte-ballade-velo.jpg\" role=\"button\"><br \/>\n\t\t\t\t\t\tVoir la carte<br \/>\n\t\t\t\t\t<\/a><\/p>\n<h3>\n\t\t\t\t\tRelais \u00e9tapes pour randonneurs<br \/>\n\t\t\t\t<\/h3>\n<p>Le Camping La Chaumi\u00e8re est aussi un point de relais pour les randonneurs.<br \/>\nEmpruntez les chemins de promenades p\u00e9destres  et d\u00e9couvrez la faune et la flore de la r\u00e9gion : &#8211; \u00ab\u00a0Vers le paradis\u00a0\u00bb<br \/>\n&#8211; \u00ab\u00a0la d\u00e9couverte du bocage\u00a0\u00bb<br \/>\n&#8211; \u00ab\u00a0Du bocage au Marais\u00a0\u00bb<br \/>\n&#8211; \u00ab\u00a0GR de l\u2019Yser\u00a0\u00bb<br \/>\n&#8211; \u00ab\u00a0GR 128\u00a0\u00bb  <\/p>\n<p>\t\t\t\t<a href=\"https:\/\/campinglachaumiere.com\/index.php\/endroit-a-visiter-au-alentour-du-camping\/\"><br \/>\n\t\t\t\t\t\t\t\t<\/a><\/p>\n<h3>\n\t\t\t\t\t<a href=\"https:\/\/campinglachaumiere.com\/index.php\/endroit-a-visiter-au-alentour-du-camping\/\">Un patrimoine riche \u00e0 d\u00e9couvrir<\/a><br \/>\n\t\t\t\t<\/h3>\n<p>Le Camping La Chaumi\u00e8re est id\u00e9alement situ\u00e9 au c\u0153ur des Flandres et des Hauts de France. Vous pourrez visiter et d\u00e9couvrir le patrimoine de cette r\u00e9gion.<\/p>\n<p>\t\t\t<a href=\"https:\/\/campinglachaumiere.com\/index.php\/endroit-a-visiter-au-alentour-du-camping\/\" target=\"_blank\" role=\"button\" rel=\"noopener noreferrer\"><br \/>\n\t\t\t\t\t\tEn savoir plus<br \/>\n\t\t\t\t\t<\/a><\/p>\n","protected":false},"excerpt":{"rendered":"<p>Activit\u00e9s au Camping La Chaumi\u00e8re Cliquez sur les icones ou les titres pour voir les photos, ou rendez-vous dans la galerie photo. La Piscine Piscine creus\u00e9e, d\u00e9couverte et chauff\u00e9e. Id\u00e9ale pour les grandes temp\u00e9ratures d&rsquo;\u00e9t\u00e9. Jeux Un trampoline, un baby-foot et autres jeux, dont des jeux en bois flamands amuseront petits et grands. LE restaurant [&hellip;]<\/p>\n","protected":false},"author":1,"featured_media":0,"parent":0,"menu_order":0,"comment_status":"closed","ping_status":"closed","template":"elementor_header_footer","meta":{"ocean_post_layout":"","ocean_both_sidebars_style":"","ocean_both_sidebars_content_width":0,"ocean_both_sidebars_sidebars_width":0,"ocean_sidebar":"","ocean_second_sidebar":"","ocean_disable_margins":"enable","ocean_add_body_class":"","ocean_shortcode_before_top_bar":"","ocean_shortcode_after_top_bar":"","ocean_shortcode_before_header":"","ocean_shortcode_after_header":"","ocean_has_shortcode":"","ocean_shortcode_after_title":"","ocean_shortcode_before_footer_widgets":"","ocean_shortcode_after_footer_widgets":"","ocean_shortcode_before_footer_bottom":"","ocean_shortcode_after_footer_bottom":"","ocean_display_top_bar":"default","ocean_display_header":"default","ocean_header_style":"","ocean_center_header_left_menu":"","ocean_custom_header_template":"","ocean_custom_logo":0,"ocean_custom_retina_logo":0,"ocean_custom_logo_max_width":0,"ocean_custom_logo_tablet_max_width":0,"ocean_custom_logo_mobile_max_width":0,"ocean_custom_logo_max_height":0,"ocean_custom_logo_tablet_max_height":0,"ocean_custom_logo_mobile_max_height":0,"ocean_header_custom_menu":"","ocean_menu_typo_font_family":"","ocean_menu_typo_font_subset":"","ocean_menu_typo_font_size":0,"ocean_menu_typo_font_size_tablet":0,"ocean_menu_typo_font_size_mobile":0,"ocean_menu_typo_font_size_unit":"px","ocean_menu_typo_font_weight":"","ocean_menu_typo_font_weight_tablet":"","ocean_menu_typo_font_weight_mobile":"","ocean_menu_typo_transform":"","ocean_menu_typo_transform_tablet":"","ocean_menu_typo_transform_mobile":"","ocean_menu_typo_line_height":0,"ocean_menu_typo_line_height_tablet":0,"ocean_menu_typo_line_height_mobile":0,"ocean_menu_typo_line_height_unit":"","ocean_menu_typo_spacing":0,"ocean_menu_typo_spacing_tablet":0,"ocean_menu_typo_spacing_mobile":0,"ocean_menu_typo_spacing_unit":"","ocean_menu_link_color":"","ocean_menu_link_color_hover":"","ocean_menu_link_color_active":"","ocean_menu_link_background":"","ocean_menu_link_hover_background":"","ocean_menu_link_active_background":"","ocean_menu_social_links_bg":"","ocean_menu_social_hover_links_bg":"","ocean_menu_social_links_color":"","ocean_menu_social_hover_links_color":"","ocean_disable_title":"default","ocean_disable_heading":"default","ocean_post_title":"","ocean_post_subheading":"","ocean_post_title_style":"","ocean_post_title_background_color":"","ocean_post_title_background":0,"ocean_post_title_bg_image_position":"","ocean_post_title_bg_image_attachment":"","ocean_post_title_bg_image_repeat":"","ocean_post_title_bg_image_size":"","ocean_post_title_height":0,"ocean_post_title_bg_overlay":0.5,"ocean_post_title_bg_overlay_color":"","ocean_disable_breadcrumbs":"default","ocean_breadcrumbs_color":"","ocean_breadcrumbs_separator_color":"","ocean_breadcrumbs_links_color":"","ocean_breadcrumbs_links_hover_color":"","ocean_display_footer_widgets":"default","ocean_display_footer_bottom":"default","ocean_custom_footer_template":"","footnotes":""},"_links":{"self":[{"href":"https:\/\/campinglachaumiere.com\/index.php\/wp-json\/wp\/v2\/pages\/19"}],"collection":[{"href":"https:\/\/campinglachaumiere.com\/index.php\/wp-json\/wp\/v2\/pages"}],"about":[{"href":"https:\/\/campinglachaumiere.com\/index.php\/wp-json\/wp\/v2\/types\/page"}],"author":[{"embeddable":true,"href":"https:\/\/campinglachaumiere.com\/index.php\/wp-json\/wp\/v2\/users\/1"}],"replies":[{"embeddable":true,"href":"https:\/\/campinglachaumiere.com\/index.php\/wp-json\/wp\/v2\/comments?post=19"}],"version-history":[{"count":10,"href":"https:\/\/campinglachaumiere.com\/index.php\/wp-json\/wp\/v2\/pages\/19\/revisions"}],"predecessor-version":[{"id":965,"href":"https:\/\/campinglachaumiere.com\/index.php\/wp-json\/wp\/v2\/pages\/19\/revisions\/965"}],"wp:attachment":[{"href":"https:\/\/campinglachaumiere.com\/index.php\/wp-json\/wp\/v2\/media?parent=19"}],"curies":[{"name":"wp","href":"https:\/\/api.w.org\/{rel}","templated":true}]}}